ided by 225.
34
What is the remainder when 7223 is divided by 17?
15
Calculate the remainder when 3327 is divided by 1109.
0
Calculate the remainder when 395 is divided by 59.
41
What is the remainder when 68 is divided by 21?
5
What is the remainder when 133 is divided by 67?
66
What is the remainder when 59 is divided by 6?
5
What is the remainder when 207 is divided by 19?
17
What is the remainder when 52 is divided by 34?
18
What is the remainder when 149 is divided by 111?
38
Calculate the remainder when 85 is divided by 74.
11
What is the remainder when 458 is divided by 85?
33
Calculate the remainder when 286 is divided by 42.
34
Calculate the remainder when 38373 is divided by 156.
153
What is the remainder when 1265 is divided by 76?
49
Calculate the remainder when 1418 is divided by 29.
26
Calculate the remainder when 3270 is divided by 298.
290
What is the remainder when 2878 is divided by 30?
28
Calculate the remainder when 537 is divided by 20.
17
What is the remainder when 756 is divided by 40?
36
What is the remainder when 108 is divided by 47?
14
What is the remainder when 182 is divided by 81?
20
Calculate the remainder when 708 is divided by 5.
3
Calculate the remainder when 168 is divided by 13.
12
What is the remainder when 4077 is divided by 26?
21
What is the remainder when 554 is divided by 63?
50
Calculate the remainder when 3804 is divided by 2.
0
Calculate the remainder when 1327 is divided by 46.
39
Calculate the remainder when 57 is divided by 32.
25
What is the remainder when 1922 is divided by 52?
50
Calculate the remainder when 6619 is divided by 276.
271
Calculate the remainder when 336 is divided by 129.
78
Calculate the remainder when 89 is divided by 74.
15
What is the remainder when 59 is divided by 18?
5
What is the remainder when 4140 is divided by 7?
3
What is the remainder when 32 is divided by 17?
15
Calculate the remainder when 611 is divided by 44.
39
Calculate the remainder when 187 is divided by 33.
22
What is the remainder when 1750 is divided by 868?
14
Calculate the remainder when 30175 is divided by 21.
19
What is the remainder when 433 is divided by 63?
55
Calculate the remainder when 94 is divided by 78.
16
What is the remainder when 96 is divided by 53?
43
Calculate the remainder when 97 is divided by 20.
17
Calculate the remainder when 2436 is divided by 33.
27
What is the remainder when 175 is divided by 31?
20
What is the remainder when 2398 is divided by 799?
1
Calculate the remainder when 2066 is divided by 18.
14
What is the remainder when 203 is divided by 33?
5
What is the remainder when 361 is divided by 14?
11
Calculate the remainder when 20085 is divided by 5018.
13
Calculate the remainder when 94 is divided by 4.
2
What is the remainder when 3391 is divided by 170?
161
Calculate the remainder when 302 is divided by 127.
48
What is the remainder when 104 is divided by 5?
4
What is the remainder when 158 is divided by 81?
77
Calculate the remainder when 19 is divided by 13.
6
Calculate the remainder when 365 is divided by 354.
11
Calculate the remainder when 237 is divided by 90.
57
Calculate the remainder when 876 is divided by 40.
36
What is the remainder when 297 is divided by 148?
1
Calculate the remainder when 276 is divided by 61.
32
What is the remainder when 46 is divided by 8?
6
What is the remainder when 18695 is divided by 12?
11
What is the remainder when 1321 is divided by 34?
29
Calculate the remainder when 1171 is divided by 78.
1
Calculate the remainder when 455 is divided by 121.
92
What is the remainder when 2843 is divided by 89?
84
What is the remainder when 713 is divided by 13?
11
Calculate the remainder when 255 is divided by 36.
3
What is the remainder when 147 is divided by 10?
7
Calculate the remainder when 2549 is divided by 6.
5
What is the remainder when 277 is divided by 56?
53
Calculate the remainder when 707 is divided by 141.
2
What is the remainder when 865 is divided by 55?
40
Calculate the remainder when 4419 is divided by 85.
84
What is the remainder when 199 is divided by 17?
12
What is the remainder when 45 is divided by 33?
12
Calculate the remainder when 28 is divided by 3.
1
Calculate the remainder when 58 is divided by 56.
2
Calculate the remainder when 298 is divided by 107.
84
Calculate the remainder when 87 is divided by 15.
12
Calculate the remainder when 2253 is divided by 98.
97
What is the remainder when 257 is divided by 31?
9
Calculate the remainder when 50 is divided by 4.
2
Calculate the remainder when 766 is divided by 32.
30
Calculate the remainder when 326 is divided by 101.
23
What is the remainder when 7490 is divided by 59?
56
What is the remainder when 62 is divided by 9?
8
Calculate the remainder when 362 is divided by 85.
22
Calculate the remainder when 224 is divided by 108.
8
Calculate the remainder when 234 is divided by 6.
0
What is the remainder when 59 is divided by 39?
20
What is the remainder when 3308 is divided by 48?
44
Calculate the remainder when 142 is divided by 73.
69
What is the remainder when 1724 is divided by 24?
20
What is the remainder when 669 is divided by 94?
11
What is the remainder when 307 is divided by 124?
59
Calculate the remainder when 362 is divided by 61.
57
What is the remainder when 134 is divided by 45?
44
Calculate the remainder when 192 is divided by 12.
0
What is the remainder when 984 is divided by 245?
4
What is the remainder when 4285 is divided by 2138?
9
Calculate the remainder when 102 is divided by 48.
6
Calculate the remainder when 41467 is divided by 13.
10
Calculate the remainder when 153 is divided by 70.
13
Calculate the remainder when 629 is divided by 94.
65
Calculate the remainder when 616 is divided by 62.
58
Calculate the remainder when 237 is divided by 40.
37
Calculate the remainder when 5368 is divided by 15.
13
What is the remainder when 248 is divided by 29?
16
What is the remainder when 581 is divided by 105?
56
Calculate the remainder when 259 is divided by 44.
39
Calculate the remainder when 2266 is divided by 63.
61
Calculate the remainder when 33 is divided by 11.
0
Calculate the remainder when 205 is divided by 36.
25
What is the remainder when 25 is divided by 13?
12
What is the remainder when 412 is divided by 136?
4
Calculate the remainder when 784 is divided by 65.
4
Calculate the remainder when 186 is divided by 49.
39
Calculate the remainder when 30 is divided by 9.
3
Calculate the remainder when 670 is divided by 56.
54
What is the remainder when 77 is divided by 16?
13
What is the remainder when 6791 is divided by 9?
5
What is the remainder when 2175 is divided by 16?
15
What is the remainder when 382 is divided by 77?
74
Calculate the remainder when 1321 is divided by 1314.
7
Calculate the remainder when 140 is divided by 13.
10
Calculate the remainder when 169 is divided by 93.
76
What is the remainder when 51 is divided by 17?
0
Calculate the remainder when 2134 is divided by 42.
34
Calculate the remainder when 64 is divided by 18.
10
What is the remainder when 12620 is divided by 61?
54
What is the remainder when 82 is divided by 41?
0
Calculate the remainder when 76 is divided by 11.
10
Calculate the remainder when 176 is divided by 57.
5
What is the remainder when 742 is divided by 117?
40
Calculate the remainder when 6595 is divided by 68.
67
Calculate the remainder when 1058 is divided by 67.
53
What is the remainder when 3199 is divided by 65?
14
Calculate the remainder when 30770 is divided by 23.
19
Calculate the remainder when 1941 is divided by 12.
9
What is the remainder when 112 is divided by 16?
0
Calculate the remainder when 132 is divided by 7.
6
Calculate the remainder when 171 is divided by 22.
17
Calculate the remainder when 1272 is divided by 52.
24
What is the remainder when 412 is divided by 81?
7
What is the remainder when 55 is divided by 28?
27
What is the remainder when 786 is divided by 57?
45
What is the remainder when 408 is divided by 106?
90
Calculate the remainder when 229 is divided by 67.
28
Calculate the remainder when 10110 is divided by 2020.
10
Calculate the remainder when 492 is divided by 55.
52
What is the remainder when 1699 is divided by 462?
313
Calculate the remainder when 33 is divided by 12.
9